{"id":43,"date":"2011-12-28T19:18:04","date_gmt":"2011-12-28T19:18:04","guid":{"rendered":"http:\/\/photoposter.de\/?page_id=43"},"modified":"2025-05-03T16:30:54","modified_gmt":"2025-05-03T16:30:54","slug":"impressum","status":"publish","type":"page","link":"https:\/\/photoposter.de\/?page_id=43","title":{"rendered":"Impressum"},"content":{"rendered":"<p><strong>Herausgeber:<\/strong><\/p>\n<p>J\u00fcrgen Kerner<\/p>\n<p>Wiener Weg 10<\/p>\n<p>50858 K\u00f6ln<\/p>\n<p>Tel.: 0221-2824641<\/p>\n<p>email: <a href=\"mailto:presse@photoposter.de\">presse@photoposter.de<\/a><\/p>\n<p>Haftungsausschluss: externe Webseiten, auf die von diesem Blogmagazin mittels Hyperlinks und Imagebanner verwiesen wird, sind inhaltlich sorgf\u00e4ltig gepr\u00fcft! Dennoch weise ich auf die Eigenverantwortung des Nutzers hin, denn f\u00fcr die Inhalte der verlinkten Seiten sind ausschliesslich deren Betreiber verantwortlich!<\/p>\n<p>Das f\u00fcr Blogartikel eingesetzte Bildmaterial\u00a0ist von mir und unterliegt dem Urheberrecht, private Nutzung zur Speicherung auf dem eigenen PC ist erlaubt, eine kommerzielle Verwertung der Bilder\/Grafiken, sowie f\u00fcr nicht authorisierte Publikationen (auch f\u00fcr non-profit) ist hiermit explizit untersagt!<\/p>\n<p><span style=\"color: #ff0000;\"><strong>Achtung! Full Size Hotlinking von externen Websites und Aggregatoren\u00a0mit der Absicht, Verweise auf urspr\u00fcngliche Zielseiten zu umgehen, ist ausdr\u00fccklich verboten!<\/strong><\/span><\/p>\n<p>Gastbeitr\u00e4ge, sowie deren Bildmaterial unterliegen dem Urheberrecht der jeweiligen Autoren und sind dementsprechend gekennzeichnet.<\/p>\n<p>Ich weise freundlich darauf hin, dass die Blogartikel selbst dem Urheberrecht der jeweiligen Autoren unterliegen und ich ein &#8222;Ausleihen&#8220; ganzer Texte, mit Ausnahme der Zitatfunktion einzelner Passagen mit Quellenangabe, nicht dulden werde;-)<\/p>\n<p><strong>zum Datenschutz auf dieser Website:<\/strong><\/p>\n<p><strong>Datenschutz<\/strong><\/p>\n<p>Die Nutzung meiner Webseite ist in der Regel ohne Angabe personenbezogener Daten m\u00f6glich. Soweit auf meiner Seiten personenbezogene Daten (beispielsweise Name, Anschrift oder eMail-Adressen) erhoben werden, erfolgt dies, soweit m\u00f6glich, stets auf freiwilliger Basis. Diese Daten werden ohne Ihre ausdr\u00fcckliche Zustimmung nicht an Dritte weitergegeben.<\/p>\n<p>Ich weise darauf hin, dass die Daten\u00fcbertragung im Internet (z.B. bei der Kommunikation per E-Mail) Sicherheitsl\u00fccken aufweisen kann. Ein l\u00fcckenloser Schutz der Daten vor dem Zugriff durch Dritte ist nicht m\u00f6glich.<\/p>\n<p>Der Nutzung von im Rahmen der Impressumspflicht ver\u00f6ffentlichten Kontaktdaten durch Dritte zur \u00dcbersendung von nicht ausdr\u00fccklich angeforderter Werbung und Informationsmaterialien wird hiermit ausdr\u00fccklich widersprochen. Als Betreiber meiner Website behalte ich mir ausdr\u00fccklich rechtliche Schritte im Falle der unverlangten Zusendung von Werbeinformationen, etwa durch Spam-Mails, vor.<\/p>\n<p><strong>Datenschutzerkl\u00e4rung f\u00fcr die Nutzung von PlugIns von Fremdanbietern<\/strong><\/p>\n<p>auf dieser Website sind weder Facebook PlugIns noch irgendwelche Google Dienste eingebunden.<\/p>\n<p>auf meinem Blog kommen laut Autoren datenschutzkonforme Webstatistik PlugIns zum Einsatz, die ausser Herkunft nach Staaten sowie der Angabe von verweisenden URLs keine personenbezogenen Daten erheben.<\/p>\n<p>mein Blog wird durch Security-Antispam Tools gesch\u00fctzt, ich weise ausdr\u00fccklich darauf hin, dass IPs gecheckt bzw gefiltert werden, um notorische Spammer,\u00a0 Spam-Bots und Cyber-Attacks abzuwehren. Dieser Schutz ist auch im Interesse der ehrlichen Besucher und deckt deren Sicherheitsbed\u00fcrfnisse ab, ich weise allerdings ausdr\u00fccklich darauf hin, dass ein 100%iger Schutz nicht gew\u00e4hrleistet werden kann.<\/p>\n<p><strong>Verweise zu Social-Media Plattformen sind nicht vorhanden.<\/strong><\/p>\n<p><strong>Auskunftsrecht<\/strong><\/p>\n<p>Sie haben jederzeit das Recht auf Auskunft \u00fcber die bez\u00fcglich Ihrer Person gespeicherten Daten, deren Herkunft und Empf\u00e4nger sowie den Zweck der Speicherung. Auf Anfrage werden wir Sie gern \u00fcber die zu Ihrer Person gespeicherten Daten informieren.<\/p>\n<p><strong>Quelle und an meine Website angepasst:<\/strong><\/p>\n<p><a href=\"http:\/\/www.e-recht24.de\/muster-datenschutzerklaerung.html\">http:\/\/www.e-recht24.de\/muster-datenschutzerklaerung.html<\/a><\/p>\n","protected":false},"excerpt":{"rendered":"<p>Herausgeber: J\u00fcrgen Kerner Wiener Weg 10 50858 K\u00f6ln Tel.: 0221-2824641 email: presse@photoposter.de Haftungsausschluss: externe Webseiten, auf die von diesem Blogmagazin mittels Hyperlinks und Imagebanner verwiesen wird, sind inhaltlich sorgf\u00e4ltig gepr\u00fcft! Dennoch weise ich auf die Eigenverantwortung des Nutzers hin, denn f\u00fcr die Inhalte der verlinkten Seiten sind ausschliesslich deren Betreiber<span class=\"more-button\"><a href=\"https:\/\/photoposter.de\/?page_id=43\" class=\"more-link\">zum artikel -&gt;<span class=\"screen-reader-text\">Impressum<\/span><\/a><\/a><\/p>\n","protected":false},"author":1,"featured_media":0,"parent":0,"menu_order":0,"comment_status":"closed","ping_status":"closed","template":"","meta":{"footnotes":""},"class_list":["post-43","page","type-page","status-publish","hentry"],"_links":{"self":[{"href":"https:\/\/photoposter.de\/index.php?rest_route=\/wp\/v2\/pages\/43","targetHints":{"allow":["GET"]}}],"collection":[{"href":"https:\/\/photoposter.de\/index.php?rest_route=\/wp\/v2\/pages"}],"about":[{"href":"https:\/\/photoposter.de\/index.php?rest_route=\/wp\/v2\/types\/page"}],"author":[{"embeddable":true,"href":"https:\/\/photoposter.de\/index.php?rest_route=\/wp\/v2\/users\/1"}],"replies":[{"embeddable":true,"href":"https:\/\/photoposter.de\/index.php?rest_route=%2Fwp%2Fv2%2Fcomments&post=43"}],"version-history":[{"count":0,"href":"https:\/\/photoposter.de\/index.php?rest_route=\/wp\/v2\/pages\/43\/revisions"}],"wp:attachment":[{"href":"https:\/\/photoposter.de\/index.php?rest_route=%2Fwp%2Fv2%2Fmedia&parent=43"}],"curies":[{"name":"wp","href":"https:\/\/api.w.org\/{rel}","templated":true}]}}